{"version":"1.0","provider_name":"Proyectum Chile","provider_url":"https:\/\/proyectum.com\/cl","title":"El estilo de liderazgo de Steve Jobs - Proyectum Chile","type":"rich","width":600,"height":338,"html":"<blockquote class=\"wp-embedded-content\" data-secret=\"CIo1mp7ELT\"><a href=\"https:\/\/proyectum.com\/cl\/el-estilo-de-liderazgo-de-steve-jobs\/\">El estilo de liderazgo de Steve Jobs<\/a><\/blockquote><iframe sandbox=\"allow-scripts\" security=\"restricted\" src=\"https:\/\/proyectum.com\/cl\/el-estilo-de-liderazgo-de-steve-jobs\/embed\/#?secret=CIo1mp7ELT\" width=\"600\" height=\"338\" title=\"\u00abEl estilo de liderazgo de Steve Jobs\u00bb \u2014 Proyectum Chile\" data-secret=\"CIo1mp7ELT\" frameborder=\"0\" marginwidth=\"0\" marginheight=\"0\" scrolling=\"no\" class=\"wp-embedded-content\"><\/iframe><script>\n\/*! This file is auto-generated *\/\n!function(d,l){\"use strict\";l.querySelector&&d.addEventListener&&\"undefined\"!=typeof URL&&(d.wp=d.wp||{},d.wp.receiveEmbedMessage||(d.wp.receiveEmbedMessage=function(e){var t=e.data;if((t||t.secret||t.message||t.value)&&!\/[^a-zA-Z0-9]\/.test(t.secret)){for(var s,r,n,a=l.querySelectorAll('iframe[data-secret=\"'+t.secret+'\"]'),o=l.querySelectorAll('blockquote[data-secret=\"'+t.secret+'\"]'),c=new RegExp(\"^https?:$\",\"i\"),i=0;i<o.length;i++)o[i].style.display=\"none\";for(i=0;i<a.length;i++)s=a[i],e.source===s.contentWindow&&(s.removeAttribute(\"style\"),\"height\"===t.message?(1e3<(r=parseInt(t.value,10))?r=1e3:~~r<200&&(r=200),s.height=r):\"link\"===t.message&&(r=new URL(s.getAttribute(\"src\")),n=new URL(t.value),c.test(n.protocol))&&n.host===r.host&&l.activeElement===s&&(d.top.location.href=t.value))}},d.addEventListener(\"message\",d.wp.receiveEmbedMessage,!1),l.addEventListener(\"DOMContentLoaded\",function(){for(var e,t,s=l.querySelectorAll(\"iframe.wp-embedded-content\"),r=0;r<s.length;r++)(t=(e=s[r]).getAttribute(\"data-secret\"))||(t=Math.random().toString(36).substring(2,12),e.src+=\"#?secret=\"+t,e.setAttribute(\"data-secret\",t)),e.contentWindow.postMessage({message:\"ready\",secret:t},\"*\")},!1)))}(window,document);\n<\/script>\n","description":"De acuerdo al PMBOK, adem\u00e1s de las habilidades especificas en un \u00e1rea y de las competencias generales en materia de gesti\u00f3n requeridas para el proyecto, la direcci\u00f3n de proyectos efectiva requiere que el director del proyecto cuente con ciertas caracter\u00edsticas personales. La capacidad personal abarca actitudes, caracter\u00edsticas b\u00e1sicas de la personalidad y liderazgo (la capacidad [&hellip;]"}

De acuerdo al PMBOK, además de las habilidades especificas en un área y de las competencias generales en materia de gestión requeridas para el proyecto, la dirección de proyectos efectiva requiere que el director del proyecto cuente con ciertas características personales. La capacidad personal abarca actitudes, características básicas de la personalidad y liderazgo (la capacidad [&hellip;]
