{"version":"1.0","provider_name":"Proyectum Chile","provider_url":"https:\/\/proyectum.com\/cl","title":"Hacia d\u00f3nde va la fuerza de trabajo - Proyectum Chile","type":"rich","width":600,"height":338,"html":"<blockquote class=\"wp-embedded-content\" data-secret=\"qezx5lZRim\"><a href=\"https:\/\/proyectum.com\/cl\/hacia-donde-va-la-fuerza-de-trabajo\/\">Hacia d\u00f3nde va la fuerza de trabajo<\/a><\/blockquote><iframe sandbox=\"allow-scripts\" security=\"restricted\" src=\"https:\/\/proyectum.com\/cl\/hacia-donde-va-la-fuerza-de-trabajo\/embed\/#?secret=qezx5lZRim\" width=\"600\" height=\"338\" title=\"\u00abHacia d\u00f3nde va la fuerza de trabajo\u00bb \u2014 Proyectum Chile\" data-secret=\"qezx5lZRim\" frameborder=\"0\" marginwidth=\"0\" marginheight=\"0\" scrolling=\"no\" class=\"wp-embedded-content\"><\/iframe><script>\n\/*! This file is auto-generated *\/\n!function(d,l){\"use strict\";l.querySelector&&d.addEventListener&&\"undefined\"!=typeof URL&&(d.wp=d.wp||{},d.wp.receiveEmbedMessage||(d.wp.receiveEmbedMessage=function(e){var t=e.data;if((t||t.secret||t.message||t.value)&&!\/[^a-zA-Z0-9]\/.test(t.secret)){for(var s,r,n,a=l.querySelectorAll('iframe[data-secret=\"'+t.secret+'\"]'),o=l.querySelectorAll('blockquote[data-secret=\"'+t.secret+'\"]'),c=new RegExp(\"^https?:$\",\"i\"),i=0;i<o.length;i++)o[i].style.display=\"none\";for(i=0;i<a.length;i++)s=a[i],e.source===s.contentWindow&&(s.removeAttribute(\"style\"),\"height\"===t.message?(1e3<(r=parseInt(t.value,10))?r=1e3:~~r<200&&(r=200),s.height=r):\"link\"===t.message&&(r=new URL(s.getAttribute(\"src\")),n=new URL(t.value),c.test(n.protocol))&&n.host===r.host&&l.activeElement===s&&(d.top.location.href=t.value))}},d.addEventListener(\"message\",d.wp.receiveEmbedMessage,!1),l.addEventListener(\"DOMContentLoaded\",function(){for(var e,t,s=l.querySelectorAll(\"iframe.wp-embedded-content\"),r=0;r<s.length;r++)(t=(e=s[r]).getAttribute(\"data-secret\"))||(t=Math.random().toString(36).substring(2,12),e.src+=\"#?secret=\"+t,e.setAttribute(\"data-secret\",t)),e.contentWindow.postMessage({message:\"ready\",secret:t},\"*\")},!1)))}(window,document);\n<\/script>\n","thumbnail_url":"https:\/\/proyectum.com\/cl\/wp-content\/uploads\/2018\/09\/Fuerza-Laboral.jpg","thumbnail_width":1190,"thumbnail_height":544,"description":"El capital humano est\u00e1 cambiando. En parte por la tecnolog\u00eda, tambi\u00e9n porque la cultura empresarial se ha modificado, pero no hay que perder de vista que por s\u00ed misma la fuerza de trabajo ahora tiene otros intereses. \u00bfC\u00f3mo es el trabajador de la industria 4.0? Es la pregunta que los de recursos humanos est\u00e1n interesados [&hellip;]"}

Hacia dónde va la fuerza de trabajo - Proyectum Chile

<blockquote class="wp-embedded-content" data-secret="qezx5lZRim"><a href="https://proyectum.com/cl/hacia-donde-va-la-fuerza-de-trabajo/">Hacia dónde va la fuerza de trabajo</a></blockquote><iframe sandbox="allow-scripts" security="restricted" src="https://proyectum.com/cl/hacia-donde-va-la-fuerza-de-trabajo/embed/#?secret=qezx5lZRim" width="600" height="338" title="«Hacia dónde va la fuerza de trabajo» — Proyectum Chile" data-secret="qezx5lZRim" frameborder="0" marginwidth="0" marginheight="0" scrolling="no" class="wp-embedded-content"></iframe><script>
/*! This file is auto-generated */
!function(d,l){"use strict";l.querySelector&&d.addEventListener&&"undefined"!=typeof URL&&(d.wp=d.wp||{},d.wp.receiveEmbedMessage||(d.wp.receiveEmbedMessage=function(e){var t=e.data;if((t||t.secret||t.message||t.value)&&!/[^a-zA-Z0-9]/.test(t.secret)){for(var s,r,n,a=l.querySelectorAll('iframe[data-secret="'+t.secret+'"]'),o=l.querySelectorAll('blockquote[data-secret="'+t.secret+'"]'),c=new RegExp("^https?:$","i"),i=0;i<o.length;i++)o[i].style.display="none";for(i=0;i<a.length;i++)s=a[i],e.source===s.contentWindow&&(s.removeAttribute("style"),"height"===t.message?(1e3<(r=parseInt(t.value,10))?r=1e3:~~r<200&&(r=200),s.height=r):"link"===t.message&&(r=new URL(s.getAttribute("src")),n=new URL(t.value),c.test(n.protocol))&&n.host===r.host&&l.activeElement===s&&(d.top.location.href=t.value))}},d.addEventListener("message",d.wp.receiveEmbedMessage,!1),l.addEventListener("DOMContentLoaded",function(){for(var e,t,s=l.querySelectorAll("iframe.wp-embedded-content"),r=0;r<s.length;r++)(t=(e=s[r]).getAttribute("data-secret"))||(t=Math.random().toString(36).substring(2,12),e.src+="#?secret="+t,e.setAttribute("data-secret",t)),e.contentWindow.postMessage({message:"ready",secret:t},"*")},!1)))}(window,document);
</script>

El capital humano está cambiando. En parte por la tecnología, también porque la cultura empresarial se ha modificado, pero no hay que perder de vista que por sí misma la fuerza de trabajo ahora tiene otros intereses. ¿Cómo es el trabajador de la industria 4.0? Es la pregunta que los de recursos humanos están interesados [&hellip;]
