{"id":10004,"date":"2022-03-05T15:46:28","date_gmt":"2022-03-05T18:46:28","guid":{"rendered":"https:\/\/www.proyectum.com\/sistema\/?page_id=10004"},"modified":"2026-02-26T15:44:52","modified_gmt":"2026-02-26T18:44:52","slug":"9878-2-2","status":"publish","type":"page","link":"https:\/\/proyectum.com\/sistema\/proyectos-hibridos\/","title":{"rendered":"Direcci\u00f3n Proyectos H\u00edbridos"},"content":{"rendered":"<div class=\"wpb-content-wrapper\"><p>[vc_row full_width=\u00bbstretch_row_content\u00bb][vc_column css=\u00bb.vc_custom_1646506677837{padding-bottom: 2em !important;background-image: url(https:\/\/www.proyectum.com\/sistema\/wp-content\/uploads\/2022\/03\/Back-Proyectos-Hi\u0301bridos.jpg?id=10005) !important;background-position: center !important;background-repeat: no-repeat !important;background-size: cover !important;}\u00bb][vc_custom_heading text=\u00bbDOMINA LA GESTI\u00d3N DE PROYECTOS CON ENFOQUE H\u00cdBRIDO Y CONSIGUE RESULTADOS EXITOSOS\u00bb font_container=\u00bbtag:h2|font_size:30px|text_align:center|color:%23ffffff\u00bb google_fonts=\u00bbfont_family:Asap%3Aregular%2Citalic%2C700%2C700italic|font_style:400%20regular%3A400%3Anormal\u00bb css=\u00bb.vc_custom_1711031401539{padding-top: 3em !important;}\u00bb][vc_column_text css=\u00bb.vc_custom_1711031430021{padding-bottom: 1em !important;}\u00bb]<\/p>\n<h1 style=\"text-align: center;\"><span style=\"font-size: 26px; color: #ffffff;\"><strong>Taller de Direcci\u00f3n de Proyectos con Enfoque H\u00edbrido<\/strong><\/span><br \/>\n<span style=\"font-size: 20px; color: #f9aa54;\">Mejora los resultados de tus proyectos<\/span><\/h1>\n<p>[\/vc_column_text][vc_row_inner][vc_column_inner width=\u00bb1\/2&#8243;][vc_btn title=\u00bbDescarga el programa\u00bb style=\u00bb3d\u00bb shape=\u00bbrounded\u00bb color=\u00bborange\u00bb align=\u00bbright\u00bb btn_fs=\u00bb16px\u00bb link=\u00bburl:https%3A%2F%2Fwww.proyectum.com%2Fsistema%2Fwp-content%2Fuploads%2F2022%2F03%2FTaller-de-Proyectos-Hi%CC%81bridos.pdf|target:_blank\u00bb][\/vc_column_inner][vc_column_inner width=\u00bb1\/2&#8243;][vc_btn title=\u00bbSolicita informaci\u00f3n\u00bb style=\u00bb3d\u00bb shape=\u00bbrounded\u00bb color=\u00bborange\u00bb align=\u00bbleft\u00bb btn_fs=\u00bb16px\u00bb link=\u00bburl:https%3A%2F%2Fwww.proyectum.com%2Fsistema%2Fproyectos-hibridos%2F%23ancla-form\u00bb][\/vc_column_inner][\/vc_row_inner][\/vc_column][\/vc_row][vc_row full_width=\u00bbstretch_row_content\u00bb css=\u00bb.vc_custom_1640303220409{padding-top: 3em !important;padding-bottom: 1.5em !important;}\u00bb][vc_column width=\u00bb1\/2&#8243; css=\u00bb.vc_custom_1640300129670{padding-left: 1.5em !important;}\u00bb][vc_custom_heading text=\u00bbTALLER DE DIRECCI\u00d3N DE PROYECTOS H\u00cdBRIDOS\u00bb font_container=\u00bbtag:h2|font_size:26px|text_align:left|color:%2300416b\u00bb google_fonts=\u00bbfont_family:Asap%3Aregular%2Citalic%2C700%2C700italic|font_style:700%20bold%20regular%3A700%3Anormal\u00bb][vc_row_inner][vc_column_inner width=\u00bb1\/4&#8243;][vc_single_image image=\u00bb9882&#8243; img_size=\u00bbfull\u00bb][\/vc_column_inner][vc_column_inner width=\u00bb3\/4&#8243;][vc_column_text]<span style=\"color: #00416b; font-size: 20px;\"><strong>8 SESIONES VIRTUALES EN VIVO:<\/strong><\/span><\/p>\n<ul>\n<li><span style=\"color: #00416b; font-size: 16px;\"><strong>Taller de 24 horas<\/strong>: 8 sesiones de 3 horas c\/u<\/span><\/li>\n<li><span style=\"color: #00416b; font-size: 16px;\">Para ti que inicias en el mundo de la direcci\u00f3n de proyectos, que tienes conocimiento en los enfoques tradicionales o \u00e1giles<\/span><\/li>\n<li><span style=\"color: #00416b; font-size: 16px;\">Es la oportunidad de dominar los enfoques h\u00edbridos que te permiten tomar en cuenta el contexto del proyecto y mejorar los resultados<\/span><span style=\"color: #00416b; font-size: 16px;\">\u00a0<\/span><\/li>\n<\/ul>\n<p>[\/vc_column_text][\/vc_column_inner][\/vc_row_inner][\/vc_column][vc_column width=\u00bb1\/2&#8243; css=\u00bb.vc_custom_1640300842201{padding-right: 1.5em !important;}\u00bb][vc_custom_heading text=\u00bbDOMINA LA GESTI\u00d3N DE PROYECTOS H\u00cdBRIDOS\u00bb font_container=\u00bbtag:h2|font_size:26px|text_align:left|color:%2300416b\u00bb google_fonts=\u00bbfont_family:Asap%3Aregular%2Citalic%2C700%2C700italic|font_style:700%20bold%20regular%3A700%3Anormal\u00bb][vc_column_text]<\/p>\n<ul>\n<li style=\"text-align: left;\"><span style=\"color: #00416b; font-size: 16px;\">Aumenta tus habilidades como director de proyectos y aprende a utilizar las principales t\u00e9cnicas y herramientas<\/span><\/li>\n<li style=\"text-align: left;\"><span style=\"color: #00416b; font-size: 16px;\">En un mundo impulsado por el cambio, las empresas no pueden aplicar un solo enfoque a todos sus proyectos<\/span><\/li>\n<li style=\"text-align: left;\"><span style=\"color: #00416b; font-size: 16px;\">Las organizaciones se est\u00e1n dando cuenta y de forma constante est\u00e1n buscando <strong>Directores de Proyectos capaces de dominar enfoques h\u00edbridos<\/strong><\/span><\/li>\n<\/ul>\n<p>[\/vc_column_text][\/vc_column][\/vc_row][vc_row full_width=\u00bbstretch_row_content\u00bb css=\u00bb.vc_custom_1640301429977{padding-top: 3em !important;padding-bottom: 3em !important;background-color: #00416b !important;}\u00bb][vc_column][vc_custom_heading text=\u00bbPR\u00d3XIMAS FECHAS\u00bb font_container=\u00bbtag:h2|font_size:32px|text_align:center|color:%23ffffff\u00bb google_fonts=\u00bbfont_family:Asap%3Aregular%2Citalic%2C700%2C700italic|font_style:700%20bold%20regular%3A700%3Anormal\u00bb letter_spacing=\u00bb1.3px\u00bb][vc_row_inner][vc_column_inner width=\u00bb2\/3&#8243; css=\u00bb.vc_custom_1640303181827{padding-top: 1em !important;padding-right: 3em !important;padding-left: 3em !important;}\u00bb][vc_column_text css=\u00bb\u00bb css_params=\u00bb\u00bb]<span style=\"color: #ffffff; font-size: 20px;\">Martes 5 de mayo de 2026. Todos los martes y mi\u00e9rcoles de 5:00 a 8:00 P.M.<\/span>[\/vc_column_text][vc_btn title=\u00bbSolicita informaci\u00f3n\u00bb style=\u00bb3d\u00bb shape=\u00bbrounded\u00bb color=\u00bborange\u00bb align=\u00bbleft\u00bb css=\u00bb.vc_custom_1648485084894{padding-top: 2em !important;}\u00bb btn_fs=\u00bb16px\u00bb link=\u00bburl:https%3A%2F%2Fwww.proyectum.com%2Fsistema%2Fproyectos-hibridos%2F%23ancla-form\u00bb][\/vc_column_inner][vc_column_inner width=\u00bb1\/3&#8243; css=\u00bb.vc_custom_1640303044543{padding-right: 3em !important;}\u00bb][vc_single_image image=\u00bb9885&#8243; img_size=\u00bbfull\u00bb][\/vc_column_inner][\/vc_row_inner][\/vc_column][\/vc_row][vc_row full_width=\u00bbstretch_row_content\u00bb css=\u00bb.vc_custom_1640304448000{border-top-width: 2em !important;padding-right: 2em !important;padding-bottom: 2em !important;padding-left: 2em !important;}\u00bb][vc_column width=\u00bb1\/3&#8243;][vc_custom_heading text=\u00bbLO QUE DEBES SABER DEL TALLER DE DIRECCI\u00d3N DE PROYECTOS H\u00cdBRIDOS\u00bb font_container=\u00bbtag:h2|font_size:26px|text_align:left|color:%2300416b|line_height:38px\u00bb google_fonts=\u00bbfont_family:Asap%3Aregular%2Citalic%2C700%2C700italic|font_style:700%20bold%20regular%3A700%3Anormal\u00bb css=\u00bb.vc_custom_1646509210546{padding-top: 3em !important;}\u00bb letter_spacing=\u00bb2px\u00bb][\/vc_column][vc_column width=\u00bb2\/3&#8243;][vc_row_inner css=\u00bb.vc_custom_1640305661162{padding-bottom: 1.5em !important;}\u00bb][vc_column_inner width=\u00bb1\/3&#8243;][vc_single_image image=\u00bb9886&#8243; img_size=\u00bbfull\u00bb alignment=\u00bbright\u00bb][\/vc_column_inner][vc_column_inner width=\u00bb2\/3&#8243;][vc_column_text]<span style=\"color: #00416b; font-size: 16px;\"><strong>El taller se compone de 10 m\u00f3dulos en los que se combina teor\u00eda y pr\u00e1ctica<\/strong><\/span>[\/vc_column_text][\/vc_column_inner][\/vc_row_inner][vc_row_inner css=\u00bb.vc_custom_1640305661162{padding-bottom: 1.5em !important;}\u00bb][vc_column_inner width=\u00bb1\/3&#8243;][vc_single_image image=\u00bb9887&#8243; img_size=\u00bbfull\u00bb alignment=\u00bbright\u00bb][\/vc_column_inner][vc_column_inner width=\u00bb2\/3&#8243;][vc_column_text]<span style=\"color: #00416b; font-size: 16px;\"><strong>A trav\u00e9s de ejercicios pr\u00e1cticos vas a comprender el marco conceptual de la direcci\u00f3n de proyectos, desde que inicia hasta que termina un proyecto\u00a0<\/strong><\/span>[\/vc_column_text][\/vc_column_inner][\/vc_row_inner][vc_row_inner css=\u00bb.vc_custom_1640305661162{padding-bottom: 1.5em !important;}\u00bb][vc_column_inner width=\u00bb1\/3&#8243;][vc_single_image image=\u00bb9888&#8243; img_size=\u00bbfull\u00bb alignment=\u00bbright\u00bb][\/vc_column_inner][vc_column_inner width=\u00bb2\/3&#8243;][vc_column_text]<span style=\"color: #00416b; font-size: 16px;\"><strong>Para complementar tu aprendizaje te proporcionaremos formatos de Direcci\u00f3n de Proyectos y acceso de forma gratuita a nuestro curso online Scrum Fundamentals<\/strong><\/span>[\/vc_column_text][\/vc_column_inner][\/vc_row_inner][\/vc_column][\/vc_row][vc_row full_width=\u00bbstretch_row_content\u00bb css=\u00bb.vc_custom_1640903097708{padding-top: 3em !important;padding-right: 3em !important;padding-bottom: 4em !important;padding-left: 3em !important;background-color: #00416b !important;}\u00bb][vc_column][vc_separator color=\u00bborange\u00bb align=\u00bbalign_left\u00bb border_width=\u00bb4&#8243; el_width=\u00bb20&#8243; css_animation=\u00bbbounceInLeft\u00bb style=\u00bbsolid\u00bb][vc_custom_heading text=\u00bb\u00bfPOR QU\u00c9 DEBO DOMINAR LA DIRECCI\u00d3N DE PROYECTOS H\u00cdBRIDOS?\u00bb font_container=\u00bbtag:h2|font_size:32px|text_align:center|color:%23ffffff\u00bb google_fonts=\u00bbfont_family:Asap%3Aregular%2Citalic%2C700%2C700italic|font_style:700%20bold%20regular%3A700%3Anormal\u00bb css=\u00bb.vc_custom_1646509797131{padding-top: 0.5em !important;}\u00bb letter_spacing=\u00bb2px\u00bb][vc_column_text css=\u00bb.vc_custom_1646509759633{padding-bottom: 1em !important;}\u00bb]<\/p>\n<p style=\"text-align: center;\"><span style=\"font-size: 20px; color: #f9aa54;\">El entorno de los negocios es cambiante y como <strong>directores de proyectos<\/strong> debemos contar con los conocimientos y herramientas para adaptarnos exitosamente<\/span><\/p>\n<p>[\/vc_column_text][vc_row_inner css=\u00bb.vc_custom_1640902405440{padding-top: 1.5em !important;padding-right: 2em !important;padding-left: 2em !important;}\u00bb][vc_column_inner width=\u00bb1\/3&#8243;][vc_column_text css=\u00bb.vc_custom_1646779515786{padding-bottom: 1em !important;}\u00bb]<\/p>\n<p style=\"text-align: center;\"><span style=\"color: #ffffff;\"><strong><span style=\"font-size: 20px;\">Te ayuda a tener m\u00e1s oportunidades en el mundo laboral<\/span><\/strong><\/span><\/p>\n<p>[\/vc_column_text][\/vc_column_inner][vc_column_inner width=\u00bb1\/3&#8243;][vc_column_text css=\u00bb.vc_custom_1646779548447{padding-bottom: 1em !important;}\u00bb]<\/p>\n<p style=\"text-align: center;\"><span style=\"color: #ffffff;\"><strong><span style=\"font-size: 20px;\">Incrementas las probabilidades de \u00e9xito en tus proyectos<\/span><\/strong><\/span><\/p>\n<p>[\/vc_column_text][\/vc_column_inner][vc_column_inner width=\u00bb1\/3&#8243;][vc_column_text css=\u00bb.vc_custom_1646779583631{padding-bottom: 1em !important;}\u00bb]<\/p>\n<p style=\"text-align: center;\"><span style=\"color: #ffffff;\"><strong><span style=\"font-size: 20px;\">Te ayudar\u00e1 a determinar el mejor enfoque de gesti\u00f3n para tu proyecto<\/span><\/strong><\/span><\/p>\n<p>[\/vc_column_text][\/vc_column_inner][\/vc_row_inner][\/vc_column][\/vc_row][vc_row][vc_column][vc_row_inner css=\u00bb.vc_custom_1640905016593{padding-top: 2em !important;padding-bottom: 3em !important;}\u00bb][vc_column_inner width=\u00bb3\/4&#8243;][vc_custom_heading text=\u00bbEst\u00e1s a punto de dar el primer paso para dominar la gesti\u00f3n de proyectos h\u00edbridos\u00bb font_container=\u00bbtag:h2|font_size:31px|text_align:left|color:%2300416b|line_height:33px\u00bb google_fonts=\u00bbfont_family:Asap%3Aregular%2Citalic%2C700%2C700italic|font_style:700%20bold%20regular%3A700%3Anormal\u00bb text_transform=\u00bbtext-uppercase\u00bb letter_spacing=\u00bb2px\u00bb][vc_column_text]<span style=\"color: #00416b; font-size: 24px;\"><strong>Completa tus datos y en breve nos pondremos en contacto<\/strong><\/span>[\/vc_column_text][\/vc_column_inner][vc_column_inner width=\u00bb1\/4&#8243;][vc_raw_html]JTNDYSUyMGlkJTNEJTIyYW5jbGEtZm9ybSUyMiUzRSUzQyUyRmElM0U=[\/vc_raw_html][vc_single_image image=\u00bb9899&#8243;][\/vc_column_inner][\/vc_row_inner][vc_raw_html css=\u00bb\u00bb css_params=\u00bb\u00bb]JTVCaHVic3BvdCUyMHR5cGUlM0QlMjJmb3JtJTIyJTIwcG9ydGFsJTNEJTIyNDk1MTI3NjMlMjIlMjBpZCUzRCUyMjk0MDBiNGYyLTAwNGUtNGI5MS1hM2I1LWUwM2FiM2E2Nzk5NCUyMiU1RA==[\/vc_raw_html][\/vc_column][\/vc_row][vc_row full_width=\u00bbstretch_row_content\u00bb css=\u00bb.vc_custom_1640903097708{padding-top: 3em !important;padding-right: 3em !important;padding-bottom: 4em !important;padding-left: 3em !important;background-color: #00416b !important;}\u00bb][vc_column][vc_custom_heading text=\u00bbPREGUNTAS FRECUENTES\u00bb font_container=\u00bbtag:h2|font_size:32px|text_align:center|color:%23ffffff\u00bb google_fonts=\u00bbfont_family:Asap%3Aregular%2Citalic%2C700%2C700italic|font_style:700%20bold%20regular%3A700%3Anormal\u00bb css=\u00bb.vc_custom_1640906916659{padding-top: 0.5em !important;}\u00bb letter_spacing=\u00bb2px\u00bb][vc_row_inner][vc_column_inner width=\u00bb1\/2&#8243;][vc_column_text]<\/p>\n<p style=\"text-align: left;\"><strong><span style=\"color: #ffffff; font-size: 16px;\">\u00bfPara qui\u00e9n es este taller?<\/span><\/strong><\/p>\n<p><span style=\"color: #ffffff;\">Personas que inician en la Direcci\u00f3n de Proyectos<br \/>\nProfesionales que han gestionado proyectos de manera m\u00e1s bien intuitiva<br \/>\nPersonas que han dirigido proyectos con enfoques tradicionales<br \/>\nProfesionales que han dirigido proyectos con enfoques \u00e1giles<\/span>[\/vc_column_text][\/vc_column_inner][vc_column_inner width=\u00bb1\/2&#8243;][vc_column_text]<\/p>\n<p style=\"text-align: left;\"><strong><span style=\"color: #ffffff; font-size: 16px;\">\u00bfEste taller me prepara\u00a0 para obtener la certificaci\u00f3n PMP\u00ae?<\/span><\/strong><\/p>\n<p><span style=\"color: #ffffff;\">Si est\u00e1s pensando certificarte, tu mejor opci\u00f3n es nuestro <span style=\"color: #ffcc99;\"><a style=\"color: #ffcc99;\" href=\"https:\/\/www.proyectum.com\/sistema\/cursos\/nuevo-pmp\/\" target=\"_blank\" rel=\"noopener\">Taller de Preparaci\u00f3n para la Certificaci\u00f3n PMP\u00ae<\/a><\/span><\/span>[\/vc_column_text][\/vc_column_inner][\/vc_row_inner][\/vc_column][\/vc_row]<\/p>\n<\/div>","protected":false},"excerpt":{"rendered":"<p>[vc_row full_width=\u00bbstretch_row_content\u00bb][vc_column css=\u00bb.vc_custom_1646506677837{padding-bottom: 2em !important;background-image: url(https:\/\/www.proyectum.com\/sistema\/wp-content\/uploads\/2022\/03\/Back-Proyectos-Hi\u0301bridos.jpg?id=10005) !important;background-position: center !important;background-repeat: no-repeat !important;background-size: cover !important;}\u00bb][vc_custom_heading text=\u00bbDOMINA LA GESTI\u00d3N DE PROYECTOS CON ENFOQUE H\u00cdBRIDO Y CONSIGUE RESULTADOS EXITOSOS\u00bb font_container=\u00bbtag:h2|font_size:30px|text_align:center|color:%23ffffff\u00bb google_fonts=\u00bbfont_family:Asap%3Aregular%2Citalic%2C700%2C700italic|font_style:400%20regular%3A400%3Anormal\u00bb css=\u00bb.vc_custom_1711031401539{padding-top: 3em !important;}\u00bb][vc_column_text css=\u00bb.vc_custom_1711031430021{padding-bottom: 1em !important;}\u00bb] Taller de Direcci\u00f3n de Proyectos con Enfoque H\u00edbrido Mejora los resultados de tus proyectos [\/vc_column_text][vc_row_inner][vc_column_inner width=\u00bb1\/2&#8243;][vc_btn title=\u00bbDescarga el programa\u00bb style=\u00bb3d\u00bb shape=\u00bbrounded\u00bb color=\u00bborange\u00bb [&hellip;]<\/p>\n","protected":false},"author":46,"featured_media":8258,"parent":0,"menu_order":0,"comment_status":"closed","ping_status":"closed","template":"","meta":{"_acf_changed":false,"content-type":"","footnotes":""},"class_list":["post-10004","page","type-page","status-publish","has-post-thumbnail","hentry"],"acf":[],"yoast_head":"<!-- This site is optimized with the Yoast SEO plugin v27.4 - https:\/\/yoast.com\/product\/yoast-seo-wordpress\/ -->\n<title>Direcci\u00f3n Proyectos H\u00edbridos - Proyectum<\/title>\n<meta name=\"robots\" content=\"index, follow, max-snippet:-1, max-image-preview:large, max-video-preview:-1\" \/>\n<link rel=\"canonical\" href=\"https:\/\/proyectum.com\/sistema\/proyectos-hibridos\/\" \/>\n<meta property=\"og:locale\" content=\"es_ES\" \/>\n<meta property=\"og:type\" content=\"article\" \/>\n<meta property=\"og:title\" content=\"Direcci\u00f3n Proyectos H\u00edbridos - Proyectum\" \/>\n<meta property=\"og:description\" content=\"[vc_row full_width=\u00bbstretch_row_content\u00bb][vc_column css=\u00bb.vc_custom_1646506677837{padding-bottom: 2em !important;background-image: url(https:\/\/www.proyectum.com\/sistema\/wp-content\/uploads\/2022\/03\/Back-Proyectos-Hi\u0301bridos.jpg?id=10005) !important;background-position: center !important;background-repeat: no-repeat !important;background-size: cover !important;}\u00bb][vc_custom_heading text=\u00bbDOMINA LA GESTI\u00d3N DE PROYECTOS CON ENFOQUE H\u00cdBRIDO Y CONSIGUE RESULTADOS EXITOSOS\u00bb font_container=\u00bbtag:h2|font_size:30px|text_align:center|color:%23ffffff\u00bb google_fonts=\u00bbfont_family:Asap%3Aregular%2Citalic%2C700%2C700italic|font_style:400%20regular%3A400%3Anormal\u00bb css=\u00bb.vc_custom_1711031401539{padding-top: 3em !important;}\u00bb][vc_column_text css=\u00bb.vc_custom_1711031430021{padding-bottom: 1em !important;}\u00bb] Taller de Direcci\u00f3n de Proyectos con Enfoque H\u00edbrido Mejora los resultados de tus proyectos [\/vc_column_text][vc_row_inner][vc_column_inner width=\u00bb1\/2&#8243;][vc_btn title=\u00bbDescarga el programa\u00bb style=\u00bb3d\u00bb shape=\u00bbrounded\u00bb color=\u00bborange\u00bb [&hellip;]\" \/>\n<meta property=\"og:url\" content=\"https:\/\/proyectum.com\/sistema\/proyectos-hibridos\/\" \/>\n<meta property=\"og:site_name\" content=\"Proyectum\" \/>\n<meta property=\"article:publisher\" content=\"https:\/\/www.facebook.com\/proyectum\/\" \/>\n<meta property=\"article:modified_time\" content=\"2026-02-26T18:44:52+00:00\" \/>\n<meta name=\"twitter:card\" content=\"summary_large_image\" \/>\n<meta name=\"twitter:label1\" content=\"Tiempo de lectura\" \/>\n\t<meta name=\"twitter:data1\" content=\"5 minutos\" \/>\n<script type=\"application\/ld+json\" class=\"yoast-schema-graph\">{\"@context\":\"https:\\\/\\\/schema.org\",\"@graph\":[{\"@type\":\"WebPage\",\"@id\":\"https:\\\/\\\/proyectum.com\\\/sistema\\\/proyectos-hibridos\\\/\",\"url\":\"https:\\\/\\\/proyectum.com\\\/sistema\\\/proyectos-hibridos\\\/\",\"name\":\"Direcci\u00f3n Proyectos H\u00edbridos - Proyectum\",\"isPartOf\":{\"@id\":\"https:\\\/\\\/proyectum.com\\\/sistema\\\/#website\"},\"primaryImageOfPage\":{\"@id\":\"https:\\\/\\\/proyectum.com\\\/sistema\\\/proyectos-hibridos\\\/#primaryimage\"},\"image\":{\"@id\":\"https:\\\/\\\/proyectum.com\\\/sistema\\\/proyectos-hibridos\\\/#primaryimage\"},\"thumbnailUrl\":\"\",\"datePublished\":\"2022-03-05T18:46:28+00:00\",\"dateModified\":\"2026-02-26T18:44:52+00:00\",\"breadcrumb\":{\"@id\":\"https:\\\/\\\/proyectum.com\\\/sistema\\\/proyectos-hibridos\\\/#breadcrumb\"},\"inLanguage\":\"es\",\"potentialAction\":[{\"@type\":\"ReadAction\",\"target\":[\"https:\\\/\\\/proyectum.com\\\/sistema\\\/proyectos-hibridos\\\/\"]}]},{\"@type\":\"ImageObject\",\"inLanguage\":\"es\",\"@id\":\"https:\\\/\\\/proyectum.com\\\/sistema\\\/proyectos-hibridos\\\/#primaryimage\",\"url\":\"\",\"contentUrl\":\"\"},{\"@type\":\"BreadcrumbList\",\"@id\":\"https:\\\/\\\/proyectum.com\\\/sistema\\\/proyectos-hibridos\\\/#breadcrumb\",\"itemListElement\":[{\"@type\":\"ListItem\",\"position\":1,\"name\":\"Home\",\"item\":\"https:\\\/\\\/proyectum.com\\\/sistema\\\/\"},{\"@type\":\"ListItem\",\"position\":2,\"name\":\"Direcci\u00f3n Proyectos H\u00edbridos\"}]},{\"@type\":\"WebSite\",\"@id\":\"https:\\\/\\\/proyectum.com\\\/sistema\\\/#website\",\"url\":\"https:\\\/\\\/proyectum.com\\\/sistema\\\/\",\"name\":\"Proyectum\",\"description\":\"Direcci\u00f3n de Proyectos y M\u00e9todos \u00c1giles\",\"publisher\":{\"@id\":\"https:\\\/\\\/proyectum.com\\\/sistema\\\/#organization\"},\"potentialAction\":[{\"@type\":\"SearchAction\",\"target\":{\"@type\":\"EntryPoint\",\"urlTemplate\":\"https:\\\/\\\/proyectum.com\\\/sistema\\\/?s={search_term_string}\"},\"query-input\":{\"@type\":\"PropertyValueSpecification\",\"valueRequired\":true,\"valueName\":\"search_term_string\"}}],\"inLanguage\":\"es\"},{\"@type\":\"Organization\",\"@id\":\"https:\\\/\\\/proyectum.com\\\/sistema\\\/#organization\",\"name\":\"Proyectum\",\"url\":\"https:\\\/\\\/proyectum.com\\\/sistema\\\/\",\"logo\":{\"@type\":\"ImageObject\",\"inLanguage\":\"es\",\"@id\":\"https:\\\/\\\/proyectum.com\\\/sistema\\\/#\\\/schema\\\/logo\\\/image\\\/\",\"url\":\"https:\\\/\\\/www.proyectum.com\\\/sistema\\\/wp-content\\\/uploads\\\/2020\\\/04\\\/proyectum-logo-snippet.png\",\"contentUrl\":\"https:\\\/\\\/www.proyectum.com\\\/sistema\\\/wp-content\\\/uploads\\\/2020\\\/04\\\/proyectum-logo-snippet.png\",\"width\":600,\"height\":315,\"caption\":\"Proyectum\"},\"image\":{\"@id\":\"https:\\\/\\\/proyectum.com\\\/sistema\\\/#\\\/schema\\\/logo\\\/image\\\/\"},\"sameAs\":[\"https:\\\/\\\/www.facebook.com\\\/proyectum\\\/\",\"https:\\\/\\\/www.linkedin.com\\\/company\\\/sistemaproyectum\\\/\",\"https:\\\/\\\/www.youtube.com\\\/channel\\\/UCljouWimyhK_cNcC2jniUgw\"]}]}<\/script>\n<!-- \/ Yoast SEO plugin. -->","yoast_head_json":{"title":"Direcci\u00f3n Proyectos H\u00edbridos - Proyectum","robots":{"index":"index","follow":"follow","max-snippet":"max-snippet:-1","max-image-preview":"max-image-preview:large","max-video-preview":"max-video-preview:-1"},"canonical":"https:\/\/proyectum.com\/sistema\/proyectos-hibridos\/","og_locale":"es_ES","og_type":"article","og_title":"Direcci\u00f3n Proyectos H\u00edbridos - Proyectum","og_description":"[vc_row full_width=\u00bbstretch_row_content\u00bb][vc_column css=\u00bb.vc_custom_1646506677837{padding-bottom: 2em !important;background-image: url(https:\/\/www.proyectum.com\/sistema\/wp-content\/uploads\/2022\/03\/Back-Proyectos-Hi\u0301bridos.jpg?id=10005) !important;background-position: center !important;background-repeat: no-repeat !important;background-size: cover !important;}\u00bb][vc_custom_heading text=\u00bbDOMINA LA GESTI\u00d3N DE PROYECTOS CON ENFOQUE H\u00cdBRIDO Y CONSIGUE RESULTADOS EXITOSOS\u00bb font_container=\u00bbtag:h2|font_size:30px|text_align:center|color:%23ffffff\u00bb google_fonts=\u00bbfont_family:Asap%3Aregular%2Citalic%2C700%2C700italic|font_style:400%20regular%3A400%3Anormal\u00bb css=\u00bb.vc_custom_1711031401539{padding-top: 3em !important;}\u00bb][vc_column_text css=\u00bb.vc_custom_1711031430021{padding-bottom: 1em !important;}\u00bb] Taller de Direcci\u00f3n de Proyectos con Enfoque H\u00edbrido Mejora los resultados de tus proyectos [\/vc_column_text][vc_row_inner][vc_column_inner width=\u00bb1\/2&#8243;][vc_btn title=\u00bbDescarga el programa\u00bb style=\u00bb3d\u00bb shape=\u00bbrounded\u00bb color=\u00bborange\u00bb [&hellip;]","og_url":"https:\/\/proyectum.com\/sistema\/proyectos-hibridos\/","og_site_name":"Proyectum","article_publisher":"https:\/\/www.facebook.com\/proyectum\/","article_modified_time":"2026-02-26T18:44:52+00:00","twitter_card":"summary_large_image","twitter_misc":{"Tiempo de lectura":"5 minutos"},"schema":{"@context":"https:\/\/schema.org","@graph":[{"@type":"WebPage","@id":"https:\/\/proyectum.com\/sistema\/proyectos-hibridos\/","url":"https:\/\/proyectum.com\/sistema\/proyectos-hibridos\/","name":"Direcci\u00f3n Proyectos H\u00edbridos - Proyectum","isPartOf":{"@id":"https:\/\/proyectum.com\/sistema\/#website"},"primaryImageOfPage":{"@id":"https:\/\/proyectum.com\/sistema\/proyectos-hibridos\/#primaryimage"},"image":{"@id":"https:\/\/proyectum.com\/sistema\/proyectos-hibridos\/#primaryimage"},"thumbnailUrl":"","datePublished":"2022-03-05T18:46:28+00:00","dateModified":"2026-02-26T18:44:52+00:00","breadcrumb":{"@id":"https:\/\/proyectum.com\/sistema\/proyectos-hibridos\/#breadcrumb"},"inLanguage":"es","potentialAction":[{"@type":"ReadAction","target":["https:\/\/proyectum.com\/sistema\/proyectos-hibridos\/"]}]},{"@type":"ImageObject","inLanguage":"es","@id":"https:\/\/proyectum.com\/sistema\/proyectos-hibridos\/#primaryimage","url":"","contentUrl":""},{"@type":"BreadcrumbList","@id":"https:\/\/proyectum.com\/sistema\/proyectos-hibridos\/#breadcrumb","itemListElement":[{"@type":"ListItem","position":1,"name":"Home","item":"https:\/\/proyectum.com\/sistema\/"},{"@type":"ListItem","position":2,"name":"Direcci\u00f3n Proyectos H\u00edbridos"}]},{"@type":"WebSite","@id":"https:\/\/proyectum.com\/sistema\/#website","url":"https:\/\/proyectum.com\/sistema\/","name":"Proyectum","description":"Direcci\u00f3n de Proyectos y M\u00e9todos \u00c1giles","publisher":{"@id":"https:\/\/proyectum.com\/sistema\/#organization"},"potentialAction":[{"@type":"SearchAction","target":{"@type":"EntryPoint","urlTemplate":"https:\/\/proyectum.com\/sistema\/?s={search_term_string}"},"query-input":{"@type":"PropertyValueSpecification","valueRequired":true,"valueName":"search_term_string"}}],"inLanguage":"es"},{"@type":"Organization","@id":"https:\/\/proyectum.com\/sistema\/#organization","name":"Proyectum","url":"https:\/\/proyectum.com\/sistema\/","logo":{"@type":"ImageObject","inLanguage":"es","@id":"https:\/\/proyectum.com\/sistema\/#\/schema\/logo\/image\/","url":"https:\/\/www.proyectum.com\/sistema\/wp-content\/uploads\/2020\/04\/proyectum-logo-snippet.png","contentUrl":"https:\/\/www.proyectum.com\/sistema\/wp-content\/uploads\/2020\/04\/proyectum-logo-snippet.png","width":600,"height":315,"caption":"Proyectum"},"image":{"@id":"https:\/\/proyectum.com\/sistema\/#\/schema\/logo\/image\/"},"sameAs":["https:\/\/www.facebook.com\/proyectum\/","https:\/\/www.linkedin.com\/company\/sistemaproyectum\/","https:\/\/www.youtube.com\/channel\/UCljouWimyhK_cNcC2jniUgw"]}]}},"_links":{"self":[{"href":"https:\/\/proyectum.com\/sistema\/wp-json\/wp\/v2\/pages\/10004","targetHints":{"allow":["GET"]}}],"collection":[{"href":"https:\/\/proyectum.com\/sistema\/wp-json\/wp\/v2\/pages"}],"about":[{"href":"https:\/\/proyectum.com\/sistema\/wp-json\/wp\/v2\/types\/page"}],"author":[{"embeddable":true,"href":"https:\/\/proyectum.com\/sistema\/wp-json\/wp\/v2\/users\/46"}],"replies":[{"embeddable":true,"href":"https:\/\/proyectum.com\/sistema\/wp-json\/wp\/v2\/comments?post=10004"}],"version-history":[{"count":0,"href":"https:\/\/proyectum.com\/sistema\/wp-json\/wp\/v2\/pages\/10004\/revisions"}],"wp:featuredmedia":[{"embeddable":true,"href":"https:\/\/proyectum.com\/sistema\/wp-json\/"}],"wp:attachment":[{"href":"https:\/\/proyectum.com\/sistema\/wp-json\/wp\/v2\/media?parent=10004"}],"curies":[{"name":"wp","href":"https:\/\/api.w.org\/{rel}","templated":true}]}}